when 3454 is divided by 1143?
25
Calculate the remainder when 14398 is divided by 15.
13
What is the remainder when 9559134 is divided by 5?
4
What is the remainder when 10154 is divided by 2?
0
What is the remainder when 612111 is divided by 12?
3
What is the remainder when 8517 is divided by 1088?
901
Calculate the remainder when 369 is divided by 89.
13
What is the remainder when 52961 is divided by 3530?
11
Calculate the remainder when 810 is divided by 407.
403
Calculate the remainder when 199734 is divided by 929.
928
Calculate the remainder when 512784 is divided by 13.
12
Calculate the remainder when 21729 is divided by 205.
204
Calculate the remainder when 361892 is divided by 337.
291
Calculate the remainder when 101373 is divided by 148.
141
What is the remainder when 57228 is divided by 2484?
96
What is the remainder when 749300 is divided by 1137?
17
What is the remainder when 39127 is divided by 37?
18
What is the remainder when 18391 is divided by 65?
61
Calculate the remainder when 2624 is divided by 29.
14
Calculate the remainder when 3763 is divided by 54.
37
Calculate the remainder when 522039 is divided by 98.
91
What is the remainder when 13558 is divided by 24?
22
What is the remainder when 1508624 is divided by 33?
29
What is the remainder when 62592 is divided by 15647?
4
What is the remainder when 1896 is divided by 806?
284
What is the remainder when 126753 is divided by 101?
99
Calculate the remainder when 28789 is divided by 118.
115
What is the remainder when 188032 is divided by 62673?
13
What is the remainder when 376 is divided by 79?
60
Calculate the remainder when 19088 is divided by 707.
706
Calculate the remainder when 15959 is divided by 95.
94
Calculate the remainder when 550 is divided by 542.
8
What is the remainder when 3622 is divided by 1733?
156
What is the remainder when 9345 is divided by 9315?
30
What is the remainder when 3630062 is divided by 837?
830
What is the remainder when 3630 is divided by 330?
0
Calculate the remainder when 843538 is divided by 255.
253
Calculate the remainder when 340765 is divided by 92.
89
What is the remainder when 21284 is divided by 793?
666
What is the remainder when 13565 is divided by 138?
41
What is the remainder when 5967151 is divided by 129?
127
Calculate the remainder when 64675 is divided by 285.
265
What is the remainder when 831310 is divided by 368?
366
Calculate the remainder when 540699 is divided by 220.
159
Calculate the remainder when 105737 is divided by 4066.
21
What is the remainder when 51882 is divided by 17?
15
What is the remainder when 4590 is divided by 28?
26
Calculate the remainder when 8548 is divided by 48.
4
Calculate the remainder when 466405 is divided by 191.
174
Calculate the remainder when 430974 is divided by 93.
12
What is the remainder when 1721 is divided by 264?
137
Calculate the remainder when 116179 is divided by 148.
147
What is the remainder when 4874 is divided by 47?
33
Calculate the remainder when 747069 is divided by 144.
141
What is the remainder when 15339 is divided by 43?
31
Calculate the remainder when 39804 is divided by 5.
4
Calculate the remainder when 66284 is divided by 3.
2
Calculate the remainder when 32642 is divided by 88.
82
Calculate the remainder when 1515 is divided by 58.
7
What is the remainder when 8708293 is divided by 1246?
1245
Calculate the remainder when 25335 is divided by 176.
167
Calculate the remainder when 1346666 is divided by 2302.
2298
Calculate the remainder when 17788 is divided by 5929.
1
Calculate the remainder when 15729 is divided by 7472.
785
What is the remainder when 283814 is divided by 2118?
2
What is the remainder when 70275 is divided by 1903?
1767
Calculate the remainder when 14363 is divided by 541.
297
Calculate the remainder when 744 is divided by 105.
9
What is the remainder when 1149 is divided by 554?
41
Calculate the remainder when 3621 is divided by 19.
11
What is the remainder when 8432 is divided by 38?
34
What is the remainder when 249 is divided by 101?
47
What is the remainder when 2827 is divided by 136?
107
What is the remainder when 659 is divided by 161?
15
Calculate the remainder when 7207 is divided by 692.
287
Calculate the remainder when 6630 is divided by 54.
42
What is the remainder when 7126 is divided by 819?
574
Calculate the remainder when 2463 is divided by 71.
49
Calculate the remainder when 5107 is divided by 961.
302
What is the remainder when 47609 is divided by 20?
9
Calculate the remainder when 28376 is divided by 74.
34
Calculate the remainder when 8575 is divided by 262.
191
What is the remainder when 56152 is divided by 42?
40
What is the remainder when 12309 is divided by 143?
11
What is the remainder when 363540 is divided by 25?
15
Calculate the remainder when 443675 is divided by 216.
11
What is the remainder when 22328 is divided by 545?
528
Calculate the remainder when 10354 is divided by 22.
14
Calculate the remainder when 3065 is divided by 351.
257
Calculate the remainder when 3799 is divided by 926.
95
Calculate the remainder when 6150 is divided by 410.
0
What is the remainder when 13440 is divided by 327?
33
What is the remainder when 26749 is divided by 8916?
1
What is the remainder when 26274 is divided by 821?
2
What is the remainder when 786112 is divided by 35?
12
What is the remainder when 8678 is divided by 8431?
247
What is the remainder when 925 is divided by 465?
460
Calculate the remainder when 3545 is divided by 610.
495
Calculate the remainder when 153691 is divided by 51194.
109
What is the remainder when 193548 is divided by 352?
300
Calculate the remainder when 42697 is divided by 38.
23
What is the remainder when 722203 is divided by 4?
3
What is the remainder when 119592 is divided by 57?
6
Calculate the remainder when 110782 is divided by 43.
14
Calculate the remainder when 4238 is divided by 151.
10
What is the remainder when 147010 is divided by 121?
116
What is the remainder when 23162 is divided by 7705?
47
Calculate the remainder when 2943 is divided by 74.
57
Calculate the remainder when 38376 is divided by 16.
8
What is the remainder when 16722 is divided by 3?
0
Calculate the remainder when 2069 is divided by 240.
149
Calculate the remainder when 3942 is divided by 897.
354
What is the remainder when 10072 is divided by 5026?
20
What is the remainder when 11245 is divided by 2955?
2380
Calculate the remainder when 16810 is divided by 675.
610
Calculate the remainder when 508 is divided by 268.
240
What is the remainder when 2594 is divided by 612?
146
What is the remainder when 6806 is divided by 33?
8
Calculate the remainder when 149878 is divided by 14987.
8
Calculate the remainder when 17324 is divided by 1226.
160
Calculate the remainder when 241166 is divided by 49.
37
What is the remainder when 5052 is divided by 195?
177
Calculate the remainder when 30060 is divided by 281.
274
What is the remainder when 13390 is divided by 22?
14
Calculate the remainder when 4113837 is divided by 8.
5
Calculate the remainder when 80430 is divided by 176.
174
What is the remainder when 19275 is divided by 59?
41
Calculate the remainder when 29663 is divided by 4.
3
What is the remainder when 105018 is divided by 20995?
43
What is the remainder when 139763 is divided by 216?
11
What is the remainder when 1366 is divided by 1360?
6
Calculate the remainder when 8064 is divided by 865.
279
Calculate the remainder when 216297 is divided by 210.
207
What is the remainder when 6953 is divided by 695?
3
Calculate the remainder when 3166 is divided by 47.
17
Calculate the remainder when 18637 is divided by 26.
21
What is the remainder when 38438 is divided by 5?
3
What is the remainder when 2576 is divided by 50?
26
What is the remainder when 54479 is divided by 77?
40
What is the remainder when 21503 is divided by 187?
185
What is the remainder when 10396 is divided by 11?
1
Calculate the remainder when 2137 is divided by 955.
227
What is the remainder when 17926 is divided by 23?
9
What is the remainder when 1846 is divided by 207?
190
Calculate the remainder when 716640 is divided by 38.
36
Calculate the remainder when 169399 is divided by 35.
34
Calculate the remainder when 1629943 is divided by 2079.
7
W